What are the prime factors of 1079?
13, 83
What are the prime factors of 33351?
3, 11117
What are the prime factors of 65076?
2, 3, 11, 17, 29
List the prime factors of 35663.
19, 1877
What are the prime factors of 1942?
2, 971
What are the prime factors of 715?
5, 11, 13
What are the prime factors of 384?
2, 3
List the prime factors of 2401.
7
What are the prime factors of 2284?
2, 571
List the prime factors of 10146.
2, 3, 19, 89
What are the prime factors of 2815?
5, 563
What are the prime factors of 92561?
7, 1889
What are the prime factors of 1424?
2, 89
What are the prime factors of 23007?
3, 7669
What are the prime factors of 29864?
2, 3733
What are the prime factors of 194291?
97, 2003
List the prime factors of 6038.
2, 3019
List the prime factors of 6002.
2, 3001
What are the prime factors of 54027?
3, 23, 29
List the prime factors of 5831.
7, 17
What are the prime factors of 494?
2, 13, 19
List the prime factors of 2513.
7, 359
What are the prime factors of 10074?
2, 3, 23, 73
What are the prime factors of 14075?
5, 563
List the prime factors of 11553.
3, 3851
What are the prime factors of 8524?
2, 2131
What are the prime factors of 5784?
2, 3, 241
List the prime factors of 7261.
53, 137
What are the prime factors of 18429?
3, 6143
What are the prime factors of 271?
271
What are the prime factors of 10519?
67, 157
What are the prime factors of 12802?
2, 37, 173
What are the prime factors of 104300?
2, 5, 7, 149
What are the prime factors of 6436?
2, 1609
What are the prime factors of 861?
3, 7, 41
What are the prime factors of 7816?
2, 977
What are the prime factors of 10010?
2, 5, 7, 11, 13
List the prime factors of 174.
2, 3, 29
List the prime factors of 24680.
2, 5, 617
List the prime factors of 11439.
3, 31, 41
List the prime factors of 325.
5, 13
List the prime factors of 58157.
11, 17, 311
List the prime factors of 78453.
3, 23, 379
List the prime factors of 13581.
3, 503
List the prime factors of 2761.
11, 251
List the prime factors of 4987.
4987
List the prime factors of 677.
677
List the prime factors of 2659.
2659
What are the prime factors of 2892?
2, 3, 241
What are the prime factors of 1679?
23, 73
List the prime factors of 6990.
2, 3, 5, 233
List the prime factors of 9210.
2, 3, 5, 307
List the prime factors of 13671.
3, 7, 31
List the prime factors of 4027.
4027
List the prime factors of 10644.
2, 3, 887
What are the prime factors of 26613?
3, 2957
List the prime factors of 19763.
19763
What are the prime factors of 1245?
3, 5, 83
What are the prime factors of 42809?
13, 37, 89
What are the prime factors of 1220?
2, 5, 61
What are the prime factors of 347?
347
What are the prime factors of 35803?
35803
What are the prime factors of 13251?
3, 7, 631
List the prime factors of 136303.
136303
List the prime factors of 5517.
3, 613
List the prime factors of 2514.
2, 3, 419
What are the prime factors of 1185?
3, 5, 79
What are the prime factors of 8854?
2, 19, 233
List the prime factors of 58508.
2, 14627
What are the prime factors of 2938?
2, 13, 113
List the prime factors of 3498.
2, 3, 11, 53
List the prime factors of 65.
5, 13
What are the prime factors of 2978?
2, 1489
List the prime factors of 3709.
3709
What are the prime factors of 50792?
2, 7, 907
List the prime factors of 264.
2, 3, 11
What are the prime factors of 1429?
1429
What are the prime factors of 1829?
31, 59
List the prime factors of 192756.
2, 3, 16063
List the prime factors of 3208.
2, 401
List the prime factors of 3217.
3217
List the prime factors of 41358.
2, 3, 61, 113
List the prime factors of 1249.
1249
List the prime factors of 8054.
2, 4027
What are the prime factors of 1661?
11, 151
List the prime factors of 1131.
3, 13, 29
List the prime factors of 78336.
2, 3, 17
What are the prime factors of 106575?
3, 5, 7, 29
What are the prime factors of 2719?
2719
What are the prime factors of 31936?
2, 499
What are the prime factors of 1684?
2, 421
List the prime factors of 8860.
2, 5, 443
List the prime factors of 14300.
2, 5, 11, 13
List the prime factors of 448.
2, 7
What are the prime factors of 3766?
2, 7, 269
List the prime factors of 24200.
2, 5, 11
What are the prime factors of 7357?
7, 1051
List the prime factors of 1365.
3, 5, 7, 13
What are the prime factors of 3802?
2, 1901
What are the prime factors of 5745?
3, 5, 383
List the prime factors of 2106.
2, 3, 13
List the prime factors of 13120.
2, 5, 41
What are the prime factors of 1929?
3, 643
What are the prime factors of 1300?
2, 5, 13
What are the prime factors of 73453?
73453
What are the prime factors of 45624?
2, 3, 1901
List the prime factors of 40425.
3, 5, 7, 11
List the prime factors of 10162.
2, 5081
What are the prime factors of 7518?
2, 3, 7, 179
List the prime factors of 485.
5, 97
List the prime factors of 5036.
2, 1259
What are the prime factors of 41784?
2, 3, 1741
What are the prime factors of 3437?
7, 491
List the prime factors of 11568.
2, 3, 241
What are the prime factors of 2671?
2671
List the prime factors of 11676.
2, 3, 7, 139
What are the prime factors of 1685?
5, 337
What are the prime factors of 12125?
5, 97
List the prime factors of 782.
2, 17, 23
What are the prime factors of 1245?
3, 5, 83
What are the prime factors of 13507?
13, 1039
What are the prime factors of 2013?
3, 11, 61
What are the prime factors of 13386?
2, 3, 23, 97
What are the prime factors of 6014?
2, 31, 97
List the prime factors of 2718.
2, 3, 151
List the prime factors of 1823.
1823
What are the prime factors of 2399?
2399
List the prime factors of 61219.
29, 2111
What are the prime factors of 102079?
102079
List the prime factors of 1029.
3, 7
List the prime factors of 1848.
2, 3, 7, 11
List the prime factors of 3055.
5, 13, 47
What are the prime factors of 3180?
2, 3, 5, 53
List the prime factors of 23006.
2, 11503
List the prime factors of 18240.
2, 3, 5, 19
List the prime factors of 18911.
18911
List the prime factors of 138.
2, 3, 23
List the prime factors of 2661.
3, 887
List the prime factors of 3471.
3, 13, 89
List the prime factors of 31989.
3, 10663
What are the prime factors of 1483?
1483
List the prime factors of 5922.
2, 3, 7, 47
List the prime factors of 42434.
2, 7, 433
What are the prime factors of 2321?
11, 211
What are the prime factors of 2584?
2, 17, 19
List the prime factors of 1340.
2, 5, 67
List the prime factors of 520.
2, 5, 13
What are the prime factors of 30857?
59, 523
What are the prime factors of 1045?
5, 11, 19
What are the prime factors of 854?
2, 7, 61
List the prime factors of 1878.
2, 3, 313
What are the prime factors of 4796?
2, 11, 109
List the prime factors of 1484.
2, 7, 53
List the prime factors of 837.
3, 31
What are the prime factors of 3512?
2, 439
What are the prime factors of 10366?
2, 71, 73
What are the prime factors of 141799?
7, 47, 431
List the prime factors of 48013.
7, 19
What are the prime factors of 4782?
2, 3, 797
What are the prime factors of 19426?
2, 11, 883
What are the prime factors of 2943?
3, 109
List the prime factors of 597.
3, 199
List the prime factors of 1079.
13, 83
What are the prime factors of 47052?
2, 3, 1307
What are the prime factors of 18682?
2, 9341
List the prime factors of 36605.
5, 7321
List the prime factors of 104012.
2, 26003
What are the prime factors of 1384?
2, 173
What are the prime factors of 2510?
2, 5, 251
List the prime factors of 4262.
2, 2131
What are the prime factors of 49742?
2, 7, 11, 17, 19
What are the prime factors of 14491?
43, 337
What are the prime factors of 3410?
2, 5, 11, 31
What are the prime factors of 22093?
22093
What are the prime factors of 11188?
2, 2797
What are the prime factors of 142688?
2, 7, 13
What are the prime factors of 870?
2, 3, 5, 29
List the prime factors of 3058.
2, 11, 139
What are the prime factors of 1088?
2, 17
What are the prime factors of 41905?
5, 17, 29
List the prime factors of 194.
2, 97
What are the prime factors of 16066?
2, 29, 277
List the prime factors of 71139.
3, 23, 1031
What are the prime factors of 14682?
2, 3, 2447
List the prime factors of 31035.
3, 5, 2069
What are the prime factors of 680?
2, 5, 17
List the prime factors of 3319.
3319
List the prime factors of 10475.
5, 419
What are the prime factors of 2443?
7, 349
List the prime factors of